*w. Calculate y(a).
0
Let d = 20 - 18. Let w(r) be the third derivative of -r**5/15 + r**4/6 - r**3/3 - r**2. Let x(p) = 2*p**2 - 2*p + 1. Let f(s) = -2*w(s) - 5*x(s). What is f(d)?
-5
Let s = 3 - -1. Suppose -s*m - 5*t + 18 = -3, 0 = -4*t + 4. Let i(l) = 2 + m*l - l - 4. Give i(3).
7
Let s(q) be the first derivative of q**4/2 + 11*q**3/3 + q**2/2 - 11*q + 569. Give s(-5).
9
Let k(s) = -25*s - 26*s**2 + 28*s**2 + 34*s. Calculate k(-5).
5
Let l = 8 - 5. Suppose 2*y + 1 = l. Let g(w) = y + 3*w - 2*w - 1. Give g(5).
5
Let z(g) = g**2 - 8*g + 3. Suppose -2*q + 3 + 13 = 3*l, 0 = q - 2. Suppose l + 2 = 2*a. What is z(a)?
-12
Let r(p) = -p + 2525 + 0*p**3 - 2533 - p**3 - 6*p**2. Determine r(-6).
-2
Let c(n) = n**3 + 7*n**2 - n - 8. Suppose 12*l - 14*l - 14 = 0. Calculate c(l).
-1
Let b(p) be the first derivative of -1/2*p**2 - 12 + 12*p. Determine b(5).
7
Let p(u) = 0*u - u**2 + 5*u - 4 + u. Suppose -12*q = -48 + 12. Suppose -5*r - q*r + 40 = 0. Calculate p(r).
1
Suppose 0 = -5*u + 20, 0 = 3*l - 6*u + 3*u - 66. Suppose 6*r = 2 - l. Let h(y) = y**2 + 2*y - 2. Calculate h(r).
6
Let m(i) = i**2 - 4*i + 2. Suppose -3*r + 21 - 3 = 0. Let p be 80/50*1/(r/15). Give m(p).
2
Let d(j) be the first derivative of -4*j**2 - 69. Determine d(5).
-40
Suppose -2*j - 19 = -3*b + 1, -5*b + 16 = j. Let p(o) = 7*o + 4. Give p(j).
-24
Let m = 9 + -6. Let a(b) = b**2 - 10*b - 3. Suppose 0 = 8*k - 4*k + 20. Let c(l) = 2*l**2 - 19*l - 7. Let r(p) = k*a(p) + m*c(p). Calculate r(6).
-12
Suppose 8 = 4*x, 3*i - 5*x + 4*x - 16 = 0. Suppose -a - 6 = -4*a. Let c(o) = o**2 + a*o - 3*o - 4*o. Calculate c(i).
6
Let k(z) = 2*z - 4 - z**3 + 4*z**2 + 2*z**2 + 2*z. Let i = -3735 - -3741. What is k(i)?
20
Let u(v) = -11*v**3 - 4*v**2 - 4*v + 11. Let z(r) = 24*r**3 + 10*r**2 + 9*r - 23. Let t(j) = 13*u(j) + 6*z(j). What is t(-8)?
-11
Let a = 90 + -95. Suppose 0 + 15 = 3*w, -w = 2*b - 37. Let k be a/((-20)/b) + -10. Let r(g) = -g**3 - 5*g**2 + 6*g + 9. What is r(k)?
9
Let t(x) = 14*x**2 + x - 17. Let w be 12/(-66) + 46/11. Let n(r) = 5*r**2 - 6. Let z(o) = w*t(o) - 11*n(o). Suppose 4 = 2*s + 14. Give z(s).
3
Let s be -7 + 22 + (-3 - 0). Let h(r) = s*r - 23*r + 12*r. Give h(-5).
-5
Let z(c) = -4*c - 3. Let r be 3/(((-9)/(-3))/9). Let u(o) = -7*o - 7. Let a(s) = r*z(s) - 4*u(s). Determine a(2).
-15
Let t(k) be the third derivative of k**4/12 + 2*k**3/3 - 2*k**2 - 17*k. What is t(-7)?
-10
Let i be 16 - (-2 - -1 - -1). Suppose -3*c - 7 + i = 0. Suppose c*r + 1 = 10. Let h(k) = k**3 - 3*k**2 + 3*k - 1. Calculate h(r).
8
Let r = 0 + 0. Let q = -18 + 17. Let d(z) = z**2 - z + 1. Let p(b) = -b**3 + 4*b**2 - 6*b + 1. Let g(m) = q*p(m) + 5*d(m). Determine g(r).
4
Let m(b) = b**2 + b. Let g(x) = -2*x + 21. Let z(d) = -d + 20. Let q(o) = -2*g(o) + 3*z(o). Let s be q(-8). Suppose 7*n - 2*n = s. What is m(n)?
6
Let n(j) be the third derivative of -j**5/60 + j**4/6 - j**3/6 + j**2. Let f(c) = -c**2 - 6*c + 1. Let p be f(-5). Suppose -t = 2 - p. Give n(t).
-1
Let l(v) = -4*v - 10*v + 0*v. Let s(x) = -x**3 + 10*x**2 + 13*x - 23. Let u(f) = -14*f - 17. Let z be u(-2). Let t be s(z). Give l(t).
14
Let s(t) = -t + 3. Suppose 2*x - 11 = -3. Suppose x*n + 4*m = 40, 4*n - 2 = 3*m + 3. Calculate s(n).
-2
Let n(l) be the first derivative of l**5/120 + 7*l**4/12 + 6*l**3 + 1. Let u(j) be the third derivative of n(j). Determine u(-12).
2
Let r(g) = 9*g - 28*g + 9*g + 1 + 13*g - g**3 + 2*g**3. What is r(-2)?
-13
Let b(d) be the third derivative of d**6/120 + d**5/30 - d**3/6 - 14*d**2. Let z = 7 + -9. What is b(z)?
-1
Let d(m) = 34*m + 86 - 38*m - 146. What is d(-17)?
8
Let k(s) be the first derivative of 1/3*s**3 - 2*s + 3/2*s**2 - 13. What is k(-3)?
-2
Let l(w) = w**2 + w + 1. Let t be l(-3). Let x(d) be the second derivative of -d**5/20 + 7*d**4/12 - d**3/3 - 5*d**2/2 + 114*d. Calculate x(t).
-19
Let s(b) = b**2 - 9. Let w be ((-200)/(-75))/(5/(30/4)). Calculate s(w).
7
Let h(n) = 2*n**3 + 3*n - 2. Let p(s) = s**3 - s**2 + 3*s - 8. Let a be p(2). What is h(a)?
20
Suppose -2*a + 4*y + 18 = 0, 5*y + 7 = -8. Let t(f) = 4*f - 2. What is t(a)?
10
Suppose -3*a = 382 - 388. Let l(k) = -9*k + 2. What is l(a)?
-16
Suppose -2 = l + 2*q, 3*l = 4*q - 3*q + 1. Let o(c) = -3*c - 13*c**2 + 12*c**2 - 18 + 5*c - 7*c + 6*c. Determine o(l).
-18
Let p(n) = -n**3 + 7*n**2 - 2*n + 6. Let v be (-6)/9*(-2 - (-76)/8). Let k be 3*7*v/(-15). Calculate p(k).
-8
Let p(r) = r - 4. Let h be p(4). Let u(t) = 5*t**3 + 7*t**2 + 5*t + 12. Let n(o) = 4*o**3 + 6*o**2 + 4*o + 11. Let m(j) = 6*n(j) - 5*u(j). Determine m(h).
6
Let p be 100/30*(-3)/(-2). Let y(n) = n**3 - 6*n**2 + 5*n - 2. Determine y(p).
-2
Let f(o) = -18 + 2*o**2 + 489*o - 3*o**2 + 484*o - 987*o. What is f(-12)?
6
Let y(z) = -7*z**2 + 9*z + 4. Let f be y(2). Let g(w) be the second derivative of -w**3/6 - 7*w**2/2 + 5*w. What is g(f)?
-1
Suppose -x + 16 = -22. Let c = x + -38. Let z(q) = -q**3 - q - 1. Determine z(c).
-1
Let d(f) = -8*f**2 + 56*f - 2. Let q(h) = 4*h**2 - 32*h + 1. Let b(c) = -4*d(c) - 7*q(c). Give b(-1).
5
Suppose -19 + 1 = -3*w. Let t(y) = y**3 + 17*y**2 - 11*y - 34. Let o be t(-17). Let a(g) = g**3 - 7*g + o - 305 - 5*g**2 + 154. Determine a(w).
-4
Let j be (21/9 + 0)/((-1)/(-6)). Suppose -13*s + j = s. Let k(x) = 5*x**2 + x. Let b(t) = 14*t**2 + 3*t. Let v(f) = -6*b(f) + 17*k(f). Give v(s).
0
Let n(z) = -7*z**3 + z**2 + z + 1. Suppose 8*b + 6 = 2*b. What is n(b)?
8
Suppose -3*l + 4*l = 0. Let z(o) be the second derivative of 4*o + 0*o**3 + 9/2*o**2 + 1/20*o**5 + 0 - 1/12*o**4. Determine z(l).
9
Let l be -2 - (-6)/4 - (-165)/30. Let y(k) be the third derivative of k**6/120 - k**5/15 - k**4/8 - k**3/3 - 8*k**2. Calculate y(l).
8
Let g(n) be the third derivative of n**5/30 - 5*n**4/12 + 4*n**3/3 - 2340*n**2. Let z(r) = -r**3 + 5*r**2 + 7*r. Let m be z(6). Calculate g(m).
20
Let i(o) be the first derivative of -o**3/2 + 2*o**2 - 8*o - 2. Let n(y) be the first derivative of i(y). Give n(6).
-14
Let x(r) be the third derivative of r**6/120 + r**5/30 + r**4/24 + r**3/6 - 13*r**2 - 3. Determine x(-1).
1
Let z(h) = -h**2 - 47*h - 348. Let s be z(-38). Let g(c) be the third derivative of -5/24*c**4 - 7/6*c**3 - 1/60*c**5 + 0 + c**2 + 0*c. What is g(s)?
-13
Let x(y) = y**3 - y**2 - y + 3. Let w(l) = 4*l**2 + 46*l - 24. Let c be w(-12). Determine x(c).
3
Suppose -3*u + 2*k + 0*k = -30, 5*u - 2*k = 50. Suppose -4*c = -u*c - 12. Let w(y) = -8*y - 2. What is w(c)?
14
Let v = 196 - 206. Let n(m) = 2*m + 9. What is n(v)?
-11
Suppose -21 = -39*v - 177. Let z(c) = c + 2. Let s(o) = -2*o - 3. Let m(w) = -3*s(w) - 4*z(w). Calculate m(v).
-7
Let i(g) = 6*g + 3 + 1737*g**3 + g**2 - 1736*g**3 - 9*g**2. What is i(7)?
-4
Let i(g) = g**2 - g - 1. Suppose 2*b = 3*b - 20. Let k = b + -22. Let x be i(k). Let r(s) = -s**3 + 4*s**2 + 5*s - 7. What is r(x)?
-7
Let q(r) = r**3 - 10*r**2 + 11*r - 11. Let z be q(9). Let g(v) = 5 - 6 + 7 + 4 - v. Determine g(z).
3
Let m(v) = -7*v**2 - 33*v - 9. Let a(z) = 4*z**2 + 17*z + 5. Let t(i) = 11*a(i) + 6*m(i). Determine t(6).
7
Suppose 63*f + 25 = 4*i + 62*f, 4*i - 19 = 3*f. Let g(y) = y**3 - 8*y**2 + 7*y - 3. Give g(i).
-3
Let k(r) = -2*r**3 - 6*r**2 + 10*r + 17. Let d be k(-5). Let j(l) = -2 + 0 - d*l + 33*l + 36*l. Determine j(-6).
-14
Let r(g) = g**2 - g - 3. Let v be r(3). Let w be (9/(-3))/(v/(-2)). Suppose q + q = -w. Let p(m) = 2*m - 1. Determine p(q).
-3
Let n(l) = 141 + 129 - 2*l + 0*l - 255. Calculate n(8).
-1
Let b(w) = w**3 - 18*w**2 + 16*w + 12. Let m be -6 + 7 + 112/7. Determine b(m).
-5
Let p(a) = 2*a - 13. Suppose 12*r + 16 = 5*k + 15*r, -k + 3*r + 14 = 0. Calculate p(k).
-3
Let k(x) = -4 - 5*x**2 + 10*x**3 + 37*x**3 - 2*x - 46*x**3. What is k(4)?
-28
Let b(g) be the first derivative of -g**3/3 - 3*g**2 + 2*g - 74. What is b(-4)?
10
Let t = 8 - 13. Let d(g) be the first derivative of -g**2/2 - 4*g + 357. Calculate d(t).
1
Let w be 13/15 + (-4)/(-30). Let f(m) = -18*m. Determine f(w).
-18
Let w(f) = -f**2 - 7*f - 9. Let u(r) = r**2 + 7*r + 2. Let y be u(-7). Suppose 0*x - y*x + 12 = 0. Suppose -c - 2 = 4*l + 22, 2*c - x = l. Give w(l).
-3
Let p = 15 + -10. Suppose -5 = p*y - 30. Let m(o) be the second derivative of o**4/12 - 5*o**3/6 + o**2 - 2*o. Give m(y).
2
Let x = 621 + -628. Let z(i) = i**2 + 6*i - 3. What is z(x)?
4
Let z(k) be the thir